2. What is the units digit of v?
2
Suppose -4*v = r - 224, 4*v - 16 + 8 = 0. What is the units digit of r?
6
Suppose -20 = -2*o - 5*q, 5*o - q = -4*q + 12. Suppose o*n + 75 = 5*n. Let b = 1 + n. What is the units digit of b?
6
Let r be (14 - (-12)/4)*1. Suppose 6*j = 7 + r. Suppose -q = -3 - j. What is the units digit of q?
7
What is the units digit of (-1883 - -39)*2/(-4)?
2
Let y(t) = 13*t**2 + 59*t - 6. What is the units digit of y(-10)?
4
Let v(r) = -8*r - 5. Let a = -24 - -11. What is the tens digit of v(a)?
9
What is the units digit of (2 + 66)/(7752/(-972) + 8)?
4
Suppose -36*i + 42596 = -13*i. What is the thousands digit of i?
1
Suppose 8*s - 3644 = 2348. What is the hundreds digit of s?
7
Suppose p = -0 - 6. Let z = 11 - 7. What is the units digit of z/p + (-10)/(-6)?
1
Let p = 25 - 12. Let t = p - 1. What is the tens digit of t?
1
Let b(f) = f**3 - 7*f**2 - f + 20. Let w be b(10). Suppose 4*v - w = -v. What is the tens digit of v?
6
Suppose 2*t - 655 = -3*t + 5*f, -5*f + 605 = 5*t. What is the hundreds digit of t?
1
Suppose -95 + 27 = -4*c. Suppose -5*h - c = 4*m, 3*m + 2*m + h = 5. Suppose 5*r = -4*w + 372, 0 = -4*w + m*w - 4. What is the tens digit of r?
7
Let i(a) = -a + 14. Let w = 9 + 1. Let g be i(w). Suppose -4*b = -4*p + 140, -g*p - 3*b + 133 = -0*p. What is the tens digit of p?
3
Let h(a) be the first derivative of -a**4/4 + a**3/3 + 13. Let t(d) = 6*d**3 - 5*d**2 - 3*d - 1. Let v(s) = 4*h(s) + t(s). What is the units digit of v(3)?
5
Let f(u) = -125*u**3 + 11*u**2 - 17*u - 61. What is the thousands digit of f(-3)?
3
Let q = -668 + 1132. What is the hundreds digit of q?
4
Let x(u) = -2*u**3 - 5*u**2 - 8*u - 30. Let y be x(-4). Suppose -3*i = -m + 2*m, -5*m + 4*i + 19 = 0. Let n = y - m. What is the units digit of n?
7
Let y = 576 - 88. What is the units digit of y?
8
Let u(s) = 3*s + 125. Let g be u(-27). Suppose 4*r - 80 = -r. Let p = g - r. What is the tens digit of p?
2
Suppose 0 = 5*b + 44*b - 26215. What is the tens digit of b?
3
Let z be (-6)/3*-19 + 3. Let g = z + 7. What is the tens digit of g?
4
Suppose -k - 480 = t + 2*k, -5*t - 2456 = k. Let q = -351 - t. What is the tens digit of q?
4
Suppose 0 = -2*c + 1 + 7. Let a(x) = x**3 + 14*x**2 - x - 28. Let z be a(-14). What is the units digit of (2 + z)*(-6)/c?
8
Let b = 5 + -8. Let u(x) = x**3 + 2*x**2 - 4*x - 1. Let d be u(b). What is the units digit of 14/1 + (1 - d)?
3
Let j(h) = h**3 + 4*h**2 - 6*h. Let n be j(4). Suppose 0*i - i = -n. What is the hundreds digit of i?
1
Suppose 808 = 7*d + 115. Suppose 7*s + d = 4*s. Let p = -14 - s. What is the units digit of p?
9
Suppose 106*g + 40848 = 122*g. What is the hundreds digit of g?
5
Suppose -5599 = 8*h - 11*h + 4*b, h = 2*b + 1865. What is the units digit of h?
9
Let u be ((-16)/6)/((-26)/663). Suppose -2*b = -3*v - u, v - 3*v = -b + 36. What is the units digit of b?
8
Suppose -2*h - 3*h + 5*o - 260 = 0, -2*o - 146 = 3*h. Let j = h + 132. What is the tens digit of j?
8
Suppose 4*n - 79 + 23 = 0. What is the units digit of (n + -15)*(-39)/1?
9
Suppose -5*g + 4*m = -790, -8*m + 5*m = 0. What is the hundreds digit of g?
1
Let q(t) = 54*t - 4. Let f be q(6). Suppose -l + 6*l = f. What is the units digit of l?
4
Let j(c) = c**2 + 4*c + 5. Let h be j(-5). Let r = h + -12. What is the units digit of r + 2 + (1 - -4)?
5
Let l(c) = 104*c**3 + 6*c - 20. What is the tens digit of l(2)?
2
Suppose 5*t - 7*t - 2 = 0. Let c be (-3 - -7) + t*4. Suppose -2*q + 3*q - 20 = c. What is the units digit of q?
0
Suppose 4*x - 2358 = 5*i, -4*x + 2*x + 2*i + 1178 = 0. What is the units digit of x?
7
Suppose 2*l + 5*j = 3*j - 128, 5*l - 2*j = -355. Suppose 4*t = k + 13, -7*k = -5*k + 2*t + 56. Let i = k - l. What is the units digit of i?
4
Suppose 3*d = -w + 3568, -12*d = 4*w - 17*d - 14306. What is the units digit of w?
4
Let a(b) = 11*b**2 + b + 24. What is the units digit of a(6)?
6
Let y(x) be the third derivative of -x**5/60 - x**4/4 + 2*x**2. Let d be y(-5). Suppose d*l = 14 + 11. What is the units digit of l?
5
Let z be (-1)/6 - 10/(-60). Suppose z = 5*p + 184 - 654. What is the units digit of p/4*(-9 - -11)?
7
What is the units digit of 15/((-525)/10) - 4195/(-7)?
9
Suppose -k - k + 6 = 0. Let p(h) = 7*h - 5*h + 2*h**2 + 1 + 18*h**k - 49*h**3. What is the units digit of p(-1)?
2
What is the thousands digit of ((-430)/(-20))/((-1)/(-78))?
1
Let b(z) = -z**3 + 13*z**2 - 12*z - 1. Let q be b(12). Suppose -5*x + 4*h - 5*h - 8 = 0, 0 = 4*x - 4*h + 16. What is the units digit of 47 + (x - -2) + q?
6
Suppose -26*o = -65*o + 55458. What is the thousands digit of o?
1
Suppose 16*l - 74146 - 8398 = 0. What is the thousands digit of l?
5
Let u = 4716 - 1171. What is the units digit of u?
5
Suppose -6*p + p + 15 = 0. Suppose p*h + 12 = s, h + 4*s - 3*s + 4 = 0. What is the units digit of h/(-6)*-6 - -57?
3
Let y(j) = -12*j**2 + j. Let z be y(-2). Let a = 120 + z. What is the units digit of a?
0
Suppose 420*t - 10368 = 411*t. What is the tens digit of t?
5
Let v be -4 + 3 - 6/(-2). Suppose 14 = x - 2*q, v*x = -x + 4*q + 36. What is the units digit of 2/(x/3 + -2)?
3
Suppose -7 = 2*n + n + j, -2*j = -5*n - 8. What is the units digit of n/(-2*1/29)?
9
Suppose 3385 - 3049 = 6*c. What is the units digit of c?
6
Let b be 4 - (-2 + 4 - 32). Let u = -31 + b. What is the units digit of u?
3
Let k = 67 - 62. Suppose -g - k*v = 3*g - 104, g = -5*v + 26. What is the units digit of g?
6
Let h(u) = -3*u - 20. Let d be h(-8). Suppose -5 - 3 = 2*c + 3*o, -c = -3*o + d. Let v = c + 17. What is the tens digit of v?
1
Let l be 750 + -8*1/2. Suppose 7*c - l = 430. What is the tens digit of c?
6
What is the tens digit of (-200*1 - 3)*(-28)/98?
5
Suppose 3215 = 5*j - 4*t, 39*j + 4*t + 1929 = 42*j. What is the units digit of j?
3
Suppose -5*v = x + 5 - 1, v + 5 = 4*x. Let d be (-24)/18*(v - -13). What is the units digit of (2/(-8))/(d/128)?
2
Suppose 0 = 2*s + 2*t + 2, -2*s + 5*t + 21 = -5. Suppose -2*v = -3*v - a + 6, -2*v + a = -6. Suppose 63 - s = v*r. What is the units digit of r?
5
Suppose 2*b - 4 = 4*b + 2*i, -3*i + 22 = -4*b. Let k be (-14)/b - 9/(-6). What is the units digit of 3/k*660/12?
3
Suppose 0 = 3*h + 4*r + 724 + 103, 269 = -h + 2*r. What is the units digit of h/2*(2 + 52/(-14))?
4
Let s(b) = b**2 - 2. Let j be s(-2). Let h = 445 + -445. Suppose h = j*r - 48 - 6. What is the units digit of r?
7
Suppose 0 = -4*c + 664 - 184. What is the hundreds digit of c?
1
What is the hundreds digit of (-10)/(-4)*(-1386)/(-33)?
1
Suppose -32*g - g = -30096. What is the hundreds digit of g?
9
Suppose -2*l = -5*l - 2*s - 14, s + 28 = -5*l. What is the hundreds digit of (-148)/(l/4 + 2 + -1)?
2
What is the hundreds digit of (-639)/36*24/(-3) + 3?
1
Suppose 2*a + r = -3*a + 642, -3*a + 5*r = -402. Let g = a + -77. What is the units digit of g?
2
Let b be (-38 + 8)*14/6. Let d = -22 - b. What is the units digit of d?
8
Suppose -5*s + 6*s = 12. Let w(b) = b - 5. Let n be w(7). Suppose -n*z = 2*z - s. What is the units digit of z?
3
Let d(i) = -i**3 + 26*i**2 - 24*i - 12. Let x be d(25). Let s(q) be the second derivative of q**3/6 - q**2 - 3*q. What is the tens digit of s(x)?
1
Let t(n) = 16*n**3 + 11*n**2 - 44*n + 15. What is the units digit of t(5)?
0
Suppose -14*c + 12*c + 16192 = 4*r, c + 20226 = 5*r. What is the hundreds digit of r?
0
Suppose 4*z = 3*t + 22 + 140, 2*z - 86 = 4*t. Suppose -3*s + 24 = 5*u - 3*u, z = 4*s + 5*u. What is the units digit of 15 + s*(-1)/(-2)?
8
Suppose 0 = 3*l - 5*l + 46. Suppose 3*v = 4*t + l - 252, -3*t - 2*v = -159. What is the units digit of t?
5
Let x = 18 + -15. Suppose -x*o + 5*a + 5 = -14, -o - 3 = 3*a. Suppose 45 = -4*c - 4*r + 125, -55 = -o*c - 4*r. What is the tens digit of c?
2
Suppose i - 2*m - 988 = 0, 1971 = -0*i + 2*i - 5*m. What is the units digit of i?
8
Suppose -1224 = -26*z + 22*z. What is the hundreds digit of z?
3
Let z(o) = -o**3 + 3*o**2 - o - 2. Let v be z(2). Suppose 3*r = -v*r + 18. Suppose -4*a - a + r = -y, -2*y - 5*a + 48 = 0. What is the tens digit of y?
1
Let r(y) = y**2 - 6. Let g be r(0). Let w(m) = 2*m**2 + 4*m - 4. What is the units digit of w(g)?
4
Let v be 0/6 + -1*46. Let j = 84 + v. What is the units digit of j?
8
Suppose -17*n = -2705 - 13139. What is the units digit of n?
2
Suppose 29 = 5*j - 51. Le